{"id":762,"date":"2024-11-30T19:16:55","date_gmt":"2024-11-30T19:16:55","guid":{"rendered":"https:\/\/pssf.ch\/wordpress\/?page_id=762"},"modified":"2026-04-27T09:24:00","modified_gmt":"2026-04-27T09:24:00","slug":"home-2","status":"publish","type":"page","link":"https:\/\/pssf.ch\/wordpress\/","title":{"rendered":"Home"},"content":{"rendered":"\t\t<div data-elementor-type=\"wp-page\" data-elementor-id=\"762\" class=\"elementor elementor-762\" data-elementor-post-type=\"page\">\n\t\t\t\t<div class=\"has_eae_slider elementor-element elementor-element-4ca3f1f e-con-full e-flex e-con e-parent\" data-eae-slider=\"86369\" data-id=\"4ca3f1f\" data-element_type=\"container\" data-e-type=\"container\">\n\t\t\t\t<div class=\"elementor-element elementor-element-1f4e2b1 elementor-widget elementor-widget-image\" data-id=\"1f4e2b1\" data-element_type=\"widget\" data-e-type=\"widget\" data-widget_type=\"image.default\">\n\t\t\t\t<div class=\"elementor-widget-container\">\n\t\t\t\t\t\t\t\t\t\t\t\t\t\t\t<img fetchpriority=\"high\" decoding=\"async\" width=\"3358\" height=\"1560\" src=\"https:\/\/pssf.ch\/wordpress\/wp-content\/uploads\/2024\/11\/20240630_121806.png\" class=\"attachment-full size-full wp-image-811\" alt=\"\" srcset=\"https:\/\/pssf.ch\/wordpress\/wp-content\/uploads\/2024\/11\/20240630_121806.png 3358w, https:\/\/pssf.ch\/wordpress\/wp-content\/uploads\/2024\/11\/20240630_121806-300x139.png 300w, https:\/\/pssf.ch\/wordpress\/wp-content\/uploads\/2024\/11\/20240630_121806-1024x476.png 1024w, https:\/\/pssf.ch\/wordpress\/wp-content\/uploads\/2024\/11\/20240630_121806-768x357.png 768w, https:\/\/pssf.ch\/wordpress\/wp-content\/uploads\/2024\/11\/20240630_121806-1536x714.png 1536w, https:\/\/pssf.ch\/wordpress\/wp-content\/uploads\/2024\/11\/20240630_121806-2048x951.png 2048w\" sizes=\"(max-width: 3358px) 100vw, 3358px\" \/>\t\t\t\t\t\t\t\t\t\t\t\t\t\t\t<\/div>\n\t\t\t\t<\/div>\n\t\t\t\t<\/div>\n\t\t<div class=\"has_eae_slider elementor-element elementor-element-92d5396 e-flex e-con-boxed e-con e-parent\" data-eae-slider=\"48461\" data-id=\"92d5396\" data-element_type=\"container\" data-e-type=\"container\" data-settings=\"{&quot;background_background&quot;:&quot;classic&quot;}\">\n\t\t\t\t\t<div class=\"e-con-inner\">\n\t\t\t\t<div class=\"elementor-element elementor-element-b8d5463 elementor-widget elementor-widget-image\" data-id=\"b8d5463\" data-element_type=\"widget\" data-e-type=\"widget\" data-widget_type=\"image.default\">\n\t\t\t\t<div class=\"elementor-widget-container\">\n\t\t\t\t\t\t\t\t\t\t\t\t\t\t\t\t<a href=\"https:\/\/www.swissshooting.ch\/de\/wettkaempfe\/eidgenoessisches-feldschiessen\/\" target=\"_blank\">\n\t\t\t\t\t\t\t<img decoding=\"async\" width=\"800\" height=\"464\" src=\"https:\/\/pssf.ch\/wordpress\/wp-content\/uploads\/2026\/04\/Mai-Aug-1024x594.png\" class=\"attachment-large size-large wp-image-1629\" alt=\"\" srcset=\"https:\/\/pssf.ch\/wordpress\/wp-content\/uploads\/2026\/04\/Mai-Aug-1024x594.png 1024w, https:\/\/pssf.ch\/wordpress\/wp-content\/uploads\/2026\/04\/Mai-Aug-300x174.png 300w, https:\/\/pssf.ch\/wordpress\/wp-content\/uploads\/2026\/04\/Mai-Aug-768x446.png 768w, https:\/\/pssf.ch\/wordpress\/wp-content\/uploads\/2026\/04\/Mai-Aug.png 1049w\" sizes=\"(max-width: 800px) 100vw, 800px\" \/>\t\t\t\t\t\t\t\t<\/a>\n\t\t\t\t\t\t\t\t\t\t\t\t\t\t\t<\/div>\n\t\t\t\t<\/div>\n\t\t\t\t\t<\/div>\n\t\t\t\t<\/div>\n\t\t<div class=\"has_eae_slider elementor-element elementor-element-0c44d2a e-flex e-con-boxed e-con e-parent\" data-eae-slider=\"82732\" data-id=\"0c44d2a\" data-element_type=\"container\" data-e-type=\"container\">\n\t\t\t\t\t<div class=\"e-con-inner\">\n\t\t\t\t<div class=\"elementor-element elementor-element-bfd0d5c elementor-widget elementor-widget-text-editor\" data-id=\"bfd0d5c\" data-element_type=\"widget\" data-e-type=\"widget\" data-widget_type=\"text-editor.default\">\n\t\t\t\t<div class=\"elementor-widget-container\">\n\t\t\t\t\t\t\t\t\t<h6><a href=\"https:\/\/pssf.ch\/wordpress\/wp-content\/uploads\/2026\/04\/Medienmitteilung-Hirserenschiessen-Willisau.pdf\" target=\"_blank\" rel=\"noopener\"><strong>Erfolgreiches 59. Hirsernschiessen 2026 in Willisau<\/strong><\/a><\/h6><hr \/><p class=\"has-medium-font-size\"><strong><a href=\"https:\/\/pssf.ch\/wordpress\/wp-content\/uploads\/2025\/11\/Schiesssport-WM-2025-in-Kairo.pdf\" target=\"_blank\" rel=\"noopener\">WM-Silber-Gewinner in Sch\u00fcpfheim<\/a>\u00a0<br \/><\/strong><a href=\"https:\/\/pssf.ch\/wordpress\/wp-content\/uploads\/2025\/11\/Medienmitteilung_Morgarten25.pdf\"><strong>Erfolgreiches Morgartenschiessen 2025<\/strong><\/a><br \/><a href=\"https:\/\/pssf.ch\/wordpress\/wp-content\/uploads\/2025\/10\/2025_Cup_Schiessen.pdf\" target=\"_blank\" rel=\"noopener\">14. Cupschiessen der Pistolensch\u00fctzen Sch\u00fcpfheim-Fl\u00fchli PSSF<\/a><\/p><div id=\"cc-m-6034756276\" class=\"j-module n j-header \"><h2 id=\"cc-m-header-6034756276\" class=\"\"><a href=\"https:\/\/pssf.ch\/wordpress\/?page_id=1407\">Sch\u00fctzenstube Bunihus Fl\u00fchli<\/a><\/h2><\/div><div id=\"cc-m-6034771676\" class=\"j-module n j-header \"><h4 id=\"cc-m-header-6034771676\">Geburtstag \/ Helferessen \/ Gesch\u00e4ftsanlass \/ B\u00e4umlifest<\/h4><\/div><div id=\"cc-m-6034770276\" class=\"j-module n j-text \"><p>Wir vermieten unsere Sch\u00fctzenstube zu interessanten Konditionen.<\/p><\/div>\t\t\t\t\t\t\t\t<\/div>\n\t\t\t\t<\/div>\n\t\t\t\t\t<\/div>\n\t\t\t\t<\/div>\n\t\t\t\t<\/div>\n\t\t","protected":false},"excerpt":{"rendered":"<p>Erfolgreiches 59. Hirsernschiessen 2026 in Willisau WM-Silber-Gewinner in Sch\u00fcpfheim\u00a0Erfolgreiches Morgartenschiessen 202514. Cupschiessen der Pistolensch\u00fctzen Sch\u00fcpfheim-Fl\u00fchli PSSF Sch\u00fctzenstube Bunihus Fl\u00fchli Geburtstag \/ Helferessen \/ Gesch\u00e4ftsanlass \/ B\u00e4umlifest Wir vermieten unsere Sch\u00fctzenstube zu interessanten Konditionen.<\/p>\n","protected":false},"author":3,"featured_media":0,"parent":0,"menu_order":0,"comment_status":"closed","ping_status":"closed","template":"elementor_theme","meta":{"footnotes":""},"class_list":["post-762","page","type-page","status-publish","hentry"],"_links":{"self":[{"href":"https:\/\/pssf.ch\/wordpress\/index.php?rest_route=\/wp\/v2\/pages\/762","targetHints":{"allow":["GET"]}}],"collection":[{"href":"https:\/\/pssf.ch\/wordpress\/index.php?rest_route=\/wp\/v2\/pages"}],"about":[{"href":"https:\/\/pssf.ch\/wordpress\/index.php?rest_route=\/wp\/v2\/types\/page"}],"author":[{"embeddable":true,"href":"https:\/\/pssf.ch\/wordpress\/index.php?rest_route=\/wp\/v2\/users\/3"}],"replies":[{"embeddable":true,"href":"https:\/\/pssf.ch\/wordpress\/index.php?rest_route=%2Fwp%2Fv2%2Fcomments&post=762"}],"version-history":[{"count":186,"href":"https:\/\/pssf.ch\/wordpress\/index.php?rest_route=\/wp\/v2\/pages\/762\/revisions"}],"predecessor-version":[{"id":1632,"href":"https:\/\/pssf.ch\/wordpress\/index.php?rest_route=\/wp\/v2\/pages\/762\/revisions\/1632"}],"wp:attachment":[{"href":"https:\/\/pssf.ch\/wordpress\/index.php?rest_route=%2Fwp%2Fv2%2Fmedia&parent=762"}],"curies":[{"name":"wp","href":"https:\/\/api.w.org\/{rel}","templated":true}]}}